
247
Calculate the highest common divisor of 1661 and 4444.
11
What is the highest common divisor of 11905 and 475?
5
What is the highest common factor of 6903 and 3?
3
What is the highest common factor of 130740 and 336?
12
What is the greatest common divisor of 2338 and 98?
14
Calculate the highest common factor of 66695 and 10.
5
What is the highest common factor of 80 and 182240?
80
Calculate the highest common divisor of 491862 and 7546.
686
Calculate the greatest common factor of 34 and 325.
1
What is the highest common divisor of 77529 and 387?
129
Calculate the greatest common factor of 24492 and 3094.
26
What is the highest common divisor of 1 and 194370?
1
Calculate the greatest common divisor of 80 and 7530.
10
Calculate the greatest common factor of 530 and 10410.
10
What is the greatest common factor of 354 and 726703?
59
Calculate the highest common factor of 8083 and 3562.
137
Calculate the highest common divisor of 1218 and 101703.
609
What is the highest common divisor of 711 and 29385?
9
Calculate the greatest common factor of 7786 and 901.
17
What is the highest common factor of 16928982 and 791?
791
What is the greatest common divisor of 825 and 17655?
165
What is the greatest common divisor of 105 and 3114615?
105
What is the highest common divisor of 308 and 27272?
28
Calculate the highest common divisor of 682 and 16027.
341
What is the highest common factor of 14575 and 2475?
275
What is the greatest common divisor of 888030 and 575?
115
What is the highest common divisor of 159211 and 333?
37
What is the greatest common factor of 11174 and 16?
2
What is the greatest common factor of 50107 and 33780?
563
What is the highest common divisor of 3010753 and 41?
41
What is the greatest common divisor of 441480 and 36?
12
What is the greatest common factor of 48 and 42468?
12
What is the highest common factor of 24830 and 80?
10
What is the greatest common factor of 849 and 116879?
283
What is the highest common divisor of 58 and 31639?
29
What is the greatest common divisor of 4312126 and 133?
133
What is the greatest common divisor of 75456 and 46656?
576
Calculate the highest common factor of 9164 and 232.
116
Calculate the highest common factor of 11341 and 4477.
11
What is the highest common factor of 8908 and 329072?
524
Calculate the greatest common factor of 65860 and 1335.
445
Calculate the greatest common divisor of 43316 and 14.
14
Calculate the greatest common divisor of 2079375 and 750.
375
Calculate the highest common divisor of 456 and 124260.
228
Calculate the highest common divisor of 2565 and 32319.
513
Calculate the greatest common divisor of 28743 and 231.
33
What is the highest common divisor of 12944 and 240?
16
Calculate the highest common factor of 11024 and 7844.
212
Calculate the greatest common divisor of 114780 and 120.
60
What is the greatest common factor of 4991 and 22537?
31
Calculate the greatest common factor of 17 and 1172354.
17
What is the greatest common divisor of 10100 and 41612?
404
Calculate the highest common factor of 306 and 210996.
18
What is the highest common divisor of 13570 and 5290?
230
Calculate the highest common factor of 33441 and 2130.
213
Calculate the highest common factor of 334 and 134.
2
Calculate the highest common divisor of 65 and 38155.
65
Calculate the highest common factor of 563 and 307961.
563
What is the highest common factor of 380 and 24377?
19
What is the greatest common factor of 248 and 12368?
8
Calculate the highest common divisor of 420274 and 2104.
526
What is the highest common factor of 17190 and 141030?
90
What is the greatest common factor of 78524 and 6446?
586
What is the greatest common factor of 1767 and 15?
3
Calculate the greatest common divisor of 670 and 4804168.
134
Calculate the greatest common factor of 4 and 52016.
4
What is the highest common divisor of 8 and 751082?
2
Calculate the greatest common factor of 70903 and 241649.
1447
What is the greatest common divisor of 1217871 and 9?
9
Calculate the highest common factor of 186688 and 448.
64
What is the highest common factor of 15947 and 1724?
431
Calculate the highest common factor of 38673 and 9.
9
Calculate the highest common factor of 272868 and 192.
12
Calculate the greatest common divisor of 16212 and 402.
6
Calculate the greatest common factor of 344 and 2749420.
172
What is the highest common factor of 228 and 2976?
12
Calculate the greatest common divisor of 713693 and 37.
37
What is the highest common divisor of 1656 and 10626?
138
Calculate the highest common factor of 5 and 35145.
5
Calculate the greatest common factor of 65170 and 1710.
190
What is the greatest common factor of 248860 and 920?
460
Calculate the highest common divisor of 565110 and 819.
819
What is the highest common divisor of 474 and 1261077?
237
What is the highest common divisor of 9222 and 8?
2
What is the highest common divisor of 50 and 15425?
25
What is the highest common divisor of 436 and 2943?
109
Calculate the highest common factor of 3168 and 35442.
198
Calculate the greatest common factor of 13519 and 11.
11
Calculate the greatest common factor of 63994 and 11101.
653
Calculate the highest common factor of 256844 and 56.
28
What is the greatest common factor of 6 and 6133?
1
Calculate the greatest common divisor of 504 and 10224.
72
What is the greatest common factor of 352 and 2398?
22
What is the greatest common divisor of 2100 and 24850?
350
Calculate the greatest common divisor of 72282 and 126.
42
What is the highest common factor of 486 and 6097842?
486
Calculate the greatest common divisor of 12502 and 10222.
38
Calculate the highest common factor of 820260 and 162.
54
What is the greatest common factor of 345 and 759069?
69
What is the greatest common divisor of 4532 and 22?
22
What is the greatest common divisor of 25570 and 360?
10
What is the greatest common divisor of 675 and 729?
27
Calculate the highest common divisor of 1267 and 1351.
7
What is the greatest common divisor of 4711 and 1283411?
673
Calculate the greatest common divisor of 1905795 and 342.
171
What is the highest common divisor of 182 and 826?
14
Calculate the greatest common divisor of 5029 and 8272.
47
What is the greatest common divisor of 3 and 2913?
3
Calculate the highest common factor of 855 and 28395.
45
Calculate the highest common divisor of 998992 and 1856.
464
Calculate the greatest common factor of 2574 and 816244.
286
Calculate the greatest common divisor of 25144 and 2245.
449
Calculate the highest common divisor of 240 and 27420.
60
Calculate the highest common factor of 112 and 707.
7
Calculate the highest common divisor of 51246 and 2925.
117
Calculate the highest common factor of 30 and 2112.
6
Calculate the greatest common divisor of 15 and 51505.
5
Calculate the greatest common divisor of 11160 and 452538.
558
Calculate the greatest common divisor of 88284 and 84.
84
Calculate the highest common divisor of 146 and 979514.
146
Calculate the highest common factor of 135 and 1415.
5
What is the highest common factor of 186 and 52514?
62
Calculate the highest common divisor of 9005 and 40.
5
What is the highest common divisor of 184 and 1035506?
46
Calculate the greatest common divisor of 198521 and 2546.
67
What is the highest common factor of 6712 and 118?
2
Calculate the greatest common divisor of 82 and 87453.
41
What is the greatest common divisor of 14136 and 1568?
8
Calculate the highest common divisor of 18 and 40062.
6
Calculate the highest common divisor of 16882 and 2438.
46
Calculate the highest common factor of 120 and 14014080.
120
Calculate the greatest common factor of 1440 and 79380.
180
What is the greatest common divisor of 31420 and 160?
20
What is the highest common factor of 36 and 460998?
18
Calculate the greatest common divisor of 513747 and 4329.
117
What is the greatest common factor of 18 and 11421?
9
Calculate the highest common factor of 246 and 20213.
41
What is the greatest common divisor of 600 and 99480?
120
Calculate the greatest common factor of 5567 and 19.
19
What is the greatest common divisor of 82290 and 68997?
633
What is the highest common factor of 88752 and 6708?
516
Calculate the greatest common factor of 127346 and 328.
82
What is the highest c